{"id":1182,"date":"2025-08-11T22:05:42","date_gmt":"2025-08-12T03:05:42","guid":{"rendered":"https:\/\/ubuconla.org\/2025\/?page_id=1182"},"modified":"2025-09-22T09:45:18","modified_gmt":"2025-09-22T14:45:18","slug":"equipo","status":"publish","type":"page","link":"https:\/\/ubuconla.org\/2025\/equipo\/","title":{"rendered":"Equipo"},"content":{"rendered":"\t\t<div data-elementor-type=\"wp-page\" data-elementor-id=\"1182\" class=\"elementor elementor-1182\">\n\t\t\t\t<div class=\"elementor-element elementor-element-7de6a2c top e-flex e-con-boxed e-con e-parent\" data-id=\"7de6a2c\" data-element_type=\"container\" data-e-type=\"container\" data-settings=\"{&quot;background_background&quot;:&quot;classic&quot;}\">\n\t\t\t\t\t<div class=\"e-con-inner\">\n\t\t<div class=\"elementor-element elementor-element-ba9d8db e-con-full e-flex e-con e-child\" data-id=\"ba9d8db\" data-element_type=\"container\" data-e-type=\"container\" data-settings=\"{&quot;background_background&quot;:&quot;slideshow&quot;,&quot;background_slideshow_gallery&quot;:[{&quot;id&quot;:937,&quot;url&quot;:&quot;https:\\\/\\\/ubuconla.org\\\/2025\\\/wp-content\\\/uploads\\\/sites\\\/4\\\/2025\\\/07\\\/Fondo-Cuenca-UbuCon_Mesa-de-trabajo-1-1.svg&quot;},{&quot;id&quot;:945,&quot;url&quot;:&quot;https:\\\/\\\/ubuconla.org\\\/2025\\\/wp-content\\\/uploads\\\/sites\\\/4\\\/2025\\\/07\\\/UniDelAzuay.jpg&quot;}],&quot;background_slideshow_ken_burns&quot;:&quot;yes&quot;,&quot;background_slideshow_ken_burns_zoom_direction&quot;:&quot;out&quot;,&quot;background_slideshow_loop&quot;:&quot;yes&quot;,&quot;background_slideshow_slide_duration&quot;:5000,&quot;background_slideshow_slide_transition&quot;:&quot;fade&quot;,&quot;background_slideshow_transition_duration&quot;:500}\">\n\t\t\t\t<\/div>\n\t\t\t\t\t<\/div>\n\t\t\t\t<\/div>\n\t\t<div class=\"elementor-element elementor-element-715b0ac e-flex e-con-boxed e-con e-parent\" data-id=\"715b0ac\" data-element_type=\"container\" data-e-type=\"container\" data-settings=\"{&quot;background_background&quot;:&quot;classic&quot;}\">\n\t\t\t\t\t<div class=\"e-con-inner\">\n\t\t<div class=\"elementor-element elementor-element-0746092 e-con-full e-flex e-con e-child\" data-id=\"0746092\" data-element_type=\"container\" data-e-type=\"container\">\n\t\t\t\t<\/div>\n\t\t<div class=\"elementor-element elementor-element-26762a0 e-con-full e-flex e-con e-child\" data-id=\"26762a0\" data-element_type=\"container\" data-e-type=\"container\">\n\t\t\t\t<\/div>\n\t\t<div class=\"elementor-element elementor-element-3426af6 e-con-full e-flex e-con e-child\" data-id=\"3426af6\" data-element_type=\"container\" data-e-type=\"container\">\n\t\t\t\t\t\t\t\n\t\t<img class=\"e-image-base e-4d30c79-ee52368\" \n\t\t\t\t\tdata-interaction-id=\"4d30c79\" \n\t\t \n\t\t \n\t\t\t\t\t\t\t\t\tid=\"1032\"\n\t\t\t\t\t\t\t\t\t\t\t\tsrc=\"https:\/\/ubuconla.org\/2025\/wp-content\/uploads\/sites\/4\/2025\/08\/Villarroel_Urquiola_Naudy-e1754318749614.jpg\"\n\t\t\t\t\t\t\t\t\t\t\t\twidth=\"120\"\n\t\t\t\t\t\t\t\t\t\t\t\theight=\"120\"\n\t\t\t\t\t\t\t\t\t\t\t\tsrcset=\"\"\n\t\t\t\t\t\t\t\t\t\t\t\talt=\"\"\n\t\t\t\t\t\t\/>\n\t\t\t<div class=\"elementor-element elementor-element-c37d291 e-con-full e-flex e-con e-child\" data-id=\"c37d291\" data-element_type=\"container\" data-e-type=\"container\">\n\t\t\t\t<\/div>\n\t\t\t\t<\/div>\n\t\t<div class=\"elementor-element elementor-element-29879f3 e-con-full e-flex e-con e-child\" data-id=\"29879f3\" data-element_type=\"container\" data-e-type=\"container\">\n\t\t\t\t\t\t\t\n\t\t<img class=\"e-image-base e-1616aa3-ff4030a\" \n\t\t\t\t\tdata-interaction-id=\"1616aa3\" \n\t\t \n\t\t \n\t\t\t\t\t\t\t\t\tid=\"1081\"\n\t\t\t\t\t\t\t\t\t\t\t\tsrc=\"https:\/\/ubuconla.org\/2025\/wp-content\/uploads\/sites\/4\/2025\/08\/Lina_Porras_Santana-e1754352619102.jpg\"\n\t\t\t\t\t\t\t\t\t\t\t\twidth=\"120\"\n\t\t\t\t\t\t\t\t\t\t\t\theight=\"120\"\n\t\t\t\t\t\t\t\t\t\t\t\tsrcset=\"\"\n\t\t\t\t\t\t\t\t\t\t\t\talt=\"\"\n\t\t\t\t\t\t\/>\n\t\t\t<div class=\"elementor-element elementor-element-4e89034 e-con-full e-flex e-con e-child\" data-id=\"4e89034\" data-element_type=\"container\" data-e-type=\"container\">\n\t\t\t\t<\/div>\n\t\t\t\t<\/div>\n\t\t<div class=\"elementor-element elementor-element-478abf7 e-con-full e-flex e-con e-child\" data-id=\"478abf7\" data-element_type=\"container\" data-e-type=\"container\">\n\t\t\t\t\t\t\t\n\t\t<img class=\"e-image-base e-35383af-3f2f2fd\" \n\t\t\t\t\tdata-interaction-id=\"35383af\" \n\t\t \n\t\t \n\t\t\t\t\t\t\t\t\tid=\"1085\"\n\t\t\t\t\t\t\t\t\t\t\t\tsrc=\"https:\/\/ubuconla.org\/2025\/wp-content\/uploads\/sites\/4\/2025\/08\/Alfieri-Morillo-e1754352909880.jpg\"\n\t\t\t\t\t\t\t\t\t\t\t\twidth=\"120\"\n\t\t\t\t\t\t\t\t\t\t\t\theight=\"120\"\n\t\t\t\t\t\t\t\t\t\t\t\tsrcset=\"\"\n\t\t\t\t\t\t\t\t\t\t\t\talt=\"\"\n\t\t\t\t\t\t\/>\n\t\t\t<div class=\"elementor-element elementor-element-a2ce6a7 e-con-full e-flex e-con e-child\" data-id=\"a2ce6a7\" data-element_type=\"container\" data-e-type=\"container\">\n\t\t\t\t<\/div>\n\t\t\t\t<\/div>\n\t\t<div class=\"elementor-element elementor-element-da7d214 e-con-full e-flex e-con e-child\" data-id=\"da7d214\" data-element_type=\"container\" data-e-type=\"container\">\n\t\t\t\t\t\t\t\n\t\t<img class=\"e-image-base e-cd6c4a4-ba7fd37\" \n\t\t\t\t\tdata-interaction-id=\"cd6c4a4\" \n\t\t \n\t\t \n\t\t\t\t\t\t\t\t\tid=\"1092\"\n\t\t\t\t\t\t\t\t\t\t\t\tsrc=\"https:\/\/ubuconla.org\/2025\/wp-content\/uploads\/sites\/4\/2025\/08\/DarwinProano-scaled-e1754353244893.jpg\"\n\t\t\t\t\t\t\t\t\t\t\t\twidth=\"120\"\n\t\t\t\t\t\t\t\t\t\t\t\theight=\"120\"\n\t\t\t\t\t\t\t\t\t\t\t\tsrcset=\"\"\n\t\t\t\t\t\t\t\t\t\t\t\talt=\"\"\n\t\t\t\t\t\t\/>\n\t\t\t<div class=\"elementor-element elementor-element-903d7f2 e-con-full e-flex e-con e-child\" data-id=\"903d7f2\" data-element_type=\"container\" data-e-type=\"container\">\n\t\t\t\t<\/div>\n\t\t\t\t<\/div>\n\t\t<div class=\"elementor-element elementor-element-16c45e4 e-con-full e-flex e-con e-child\" data-id=\"16c45e4\" data-element_type=\"container\" data-e-type=\"container\">\n\t\t\t\t\t\t\t\n\t\t<img class=\"e-image-base e-81d1c45-2ae66da\" \n\t\t\t\t\tdata-interaction-id=\"81d1c45\" \n\t\t \n\t\t \n\t\t\t\t\t\t\t\t\tid=\"247\"\n\t\t\t\t\t\t\t\t\t\t\t\tsrc=\"https:\/\/ubuconla.org\/2025\/wp-content\/uploads\/sites\/4\/2024\/06\/JuanZele-Juan-Manuel-Zele-e1754353343531.jpeg\"\n\t\t\t\t\t\t\t\t\t\t\t\twidth=\"120\"\n\t\t\t\t\t\t\t\t\t\t\t\theight=\"120\"\n\t\t\t\t\t\t\t\t\t\t\t\tsrcset=\"\"\n\t\t\t\t\t\t\t\t\t\t\t\talt=\"Foto de perfil\"\n\t\t\t\t\t\t\/>\n\t\t\t<div class=\"elementor-element elementor-element-452b378 e-con-full e-flex e-con e-child\" data-id=\"452b378\" data-element_type=\"container\" data-e-type=\"container\">\n\t\t\t\t<\/div>\n\t\t\t\t<\/div>\n\t\t<div class=\"elementor-element elementor-element-1eb4d8d e-con-full e-flex e-con e-child\" data-id=\"1eb4d8d\" data-element_type=\"container\" data-e-type=\"container\">\n\t\t\t\t\t\t\t\n\t\t<img class=\"e-image-base e-c166e70-5acf4d3\" \n\t\t\t\t\tdata-interaction-id=\"c166e70\" \n\t\t \n\t\t \n\t\t\t\t\t\t\t\t\tid=\"1373\"\n\t\t\t\t\t\t\t\t\t\t\t\tsrc=\"https:\/\/ubuconla.org\/2025\/wp-content\/uploads\/sites\/4\/2025\/08\/Nelca_Tovar-e1757102202173.jpeg\"\n\t\t\t\t\t\t\t\t\t\t\t\twidth=\"120\"\n\t\t\t\t\t\t\t\t\t\t\t\theight=\"120\"\n\t\t\t\t\t\t\t\t\t\t\t\tsrcset=\"\"\n\t\t\t\t\t\t\t\t\t\t\t\talt=\"\"\n\t\t\t\t\t\t\/>\n\t\t\t<div class=\"elementor-element elementor-element-2e44a58 e-con-full e-flex e-con e-child\" data-id=\"2e44a58\" data-element_type=\"container\" data-e-type=\"container\">\n\t\t\t\t<\/div>\n\t\t\t\t<\/div>\n\t\t<div class=\"elementor-element elementor-element-8a4b139 e-con-full e-flex e-con e-child\" data-id=\"8a4b139\" data-element_type=\"container\" data-e-type=\"container\">\n\t\t\t\t<\/div>\n\t\t<div class=\"elementor-element elementor-element-0f0710b e-con-full e-flex e-con e-child\" data-id=\"0f0710b\" data-element_type=\"container\" data-e-type=\"container\">\n\t\t\t\t\t\t\t\n\t\t<img class=\"e-image-base e-f919178-f4716bd\" \n\t\t\t\t\tdata-interaction-id=\"f919178\" \n\t\t \n\t\t \n\t\t\t\t\t\t\t\t\tid=\"1216\"\n\t\t\t\t\t\t\t\t\t\t\t\tsrc=\"https:\/\/ubuconla.org\/2025\/wp-content\/uploads\/sites\/4\/2025\/08\/img_pat_ort-e1755133145393.jpg\"\n\t\t\t\t\t\t\t\t\t\t\t\twidth=\"120\"\n\t\t\t\t\t\t\t\t\t\t\t\theight=\"120\"\n\t\t\t\t\t\t\t\t\t\t\t\tsrcset=\"\"\n\t\t\t\t\t\t\t\t\t\t\t\talt=\"\"\n\t\t\t\t\t\t\/>\n\t\t\t<div class=\"elementor-element elementor-element-7ee25bd e-con-full e-flex e-con e-child\" data-id=\"7ee25bd\" data-element_type=\"container\" data-e-type=\"container\">\n\t\t\t\t<\/div>\n\t\t\t\t<\/div>\n\t\t<div class=\"elementor-element elementor-element-3ea01cf e-con-full e-flex e-con e-child\" data-id=\"3ea01cf\" data-element_type=\"container\" data-e-type=\"container\">\n\t\t\t\t\t\t\t\n\t\t<img class=\"e-image-base e-f1e7579-cf46869\" \n\t\t\t\t\tdata-interaction-id=\"f1e7579\" \n\t\t \n\t\t \n\t\t\t\t\t\t\t\t\tid=\"1103\"\n\t\t\t\t\t\t\t\t\t\t\t\tsrc=\"https:\/\/ubuconla.org\/2025\/wp-content\/uploads\/sites\/4\/2025\/08\/AlejandraCuesta-e1754354155777.png\"\n\t\t\t\t\t\t\t\t\t\t\t\twidth=\"120\"\n\t\t\t\t\t\t\t\t\t\t\t\theight=\"120\"\n\t\t\t\t\t\t\t\t\t\t\t\tsrcset=\"\"\n\t\t\t\t\t\t\t\t\t\t\t\talt=\"\"\n\t\t\t\t\t\t\/>\n\t\t\t<div class=\"elementor-element elementor-element-319191f e-con-full e-flex e-con e-child\" data-id=\"319191f\" data-element_type=\"container\" data-e-type=\"container\">\n\t\t\t\t<\/div>\n\t\t\t\t<\/div>\n\t\t<div class=\"elementor-element elementor-element-416804e e-con-full e-flex e-con e-child\" data-id=\"416804e\" data-element_type=\"container\" data-e-type=\"container\">\n\t\t\t\t\t\t\t\n\t\t<img class=\"e-image-base e-244c177-2f141ca\" \n\t\t\t\t\tdata-interaction-id=\"244c177\" \n\t\t \n\t\t \n\t\t\t\t\t\t\t\t\tid=\"1107\"\n\t\t\t\t\t\t\t\t\t\t\t\tsrc=\"https:\/\/ubuconla.org\/2025\/wp-content\/uploads\/sites\/4\/2025\/08\/Angel-Barre-a.k.a-Bytecodesky-e1754354358409.jpeg\"\n\t\t\t\t\t\t\t\t\t\t\t\twidth=\"120\"\n\t\t\t\t\t\t\t\t\t\t\t\theight=\"120\"\n\t\t\t\t\t\t\t\t\t\t\t\tsrcset=\"\"\n\t\t\t\t\t\t\t\t\t\t\t\talt=\"\"\n\t\t\t\t\t\t\/>\n\t\t\t<div class=\"elementor-element elementor-element-26e3f93 e-con-full e-flex e-con e-child\" data-id=\"26e3f93\" data-element_type=\"container\" data-e-type=\"container\">\n\t\t\t\t<\/div>\n\t\t\t\t<\/div>\n\t\t<div class=\"elementor-element elementor-element-7046e49 e-con-full e-flex e-con e-child\" data-id=\"7046e49\" data-element_type=\"container\" data-e-type=\"container\">\n\t\t\t\t\t\t\t\n\t\t<img class=\"e-image-base e-e69fc84-02f3806\" \n\t\t\t\t\tdata-interaction-id=\"e69fc84\" \n\t\t \n\t\t \n\t\t\t\t\t\t\t\t\tid=\"1115\"\n\t\t\t\t\t\t\t\t\t\t\t\tsrc=\"https:\/\/ubuconla.org\/2025\/wp-content\/uploads\/sites\/4\/2025\/08\/Ismael_Verdugo_-DarkNodeCue-e1754354774893.jpg\"\n\t\t\t\t\t\t\t\t\t\t\t\twidth=\"120\"\n\t\t\t\t\t\t\t\t\t\t\t\theight=\"120\"\n\t\t\t\t\t\t\t\t\t\t\t\tsrcset=\"\"\n\t\t\t\t\t\t\t\t\t\t\t\talt=\"\"\n\t\t\t\t\t\t\/>\n\t\t\t<div class=\"elementor-element elementor-element-a59d3fc e-con-full e-flex e-con e-child\" data-id=\"a59d3fc\" data-element_type=\"container\" data-e-type=\"container\">\n\t\t\t\t<\/div>\n\t\t\t\t<\/div>\n\t\t<div class=\"elementor-element elementor-element-ee019dd e-con-full e-flex e-con e-child\" data-id=\"ee019dd\" data-element_type=\"container\" data-e-type=\"container\">\n\t\t\t\t\t\t\t\n\t\t<img class=\"e-image-base e-f5ff96d-4a7544d\" \n\t\t\t\t\tdata-interaction-id=\"f5ff96d\" \n\t\t \n\t\t \n\t\t\t\t\t\t\t\t\tid=\"1117\"\n\t\t\t\t\t\t\t\t\t\t\t\tsrc=\"https:\/\/ubuconla.org\/2025\/wp-content\/uploads\/sites\/4\/2025\/08\/Cinthya-Ramon-DarkNodeCue-e1754355131133.jpg\"\n\t\t\t\t\t\t\t\t\t\t\t\twidth=\"120\"\n\t\t\t\t\t\t\t\t\t\t\t\theight=\"120\"\n\t\t\t\t\t\t\t\t\t\t\t\tsrcset=\"\"\n\t\t\t\t\t\t\t\t\t\t\t\talt=\"\"\n\t\t\t\t\t\t\/>\n\t\t\t<div class=\"elementor-element elementor-element-ead45c3 e-con-full e-flex e-con e-child\" data-id=\"ead45c3\" data-element_type=\"container\" data-e-type=\"container\">\n\t\t\t\t<\/div>\n\t\t\t\t<\/div>\n\t\t<div class=\"elementor-element elementor-element-c21e949 e-con-full e-flex e-con e-child\" data-id=\"c21e949\" data-element_type=\"container\" data-e-type=\"container\">\n\t\t\t\t\t\t\t\n\t\t<img class=\"e-image-base e-c7f0760-48bbe11\" \n\t\t\t\t\tdata-interaction-id=\"c7f0760\" \n\t\t \n\t\t \n\t\t\t\t\t\t\t\t\tid=\"1155\"\n\t\t\t\t\t\t\t\t\t\t\t\tsrc=\"https:\/\/ubuconla.org\/2025\/wp-content\/uploads\/sites\/4\/2025\/08\/diegoTituana-e1754503711563.jpeg\"\n\t\t\t\t\t\t\t\t\t\t\t\twidth=\"120\"\n\t\t\t\t\t\t\t\t\t\t\t\theight=\"120\"\n\t\t\t\t\t\t\t\t\t\t\t\tsrcset=\"\"\n\t\t\t\t\t\t\t\t\t\t\t\talt=\"\"\n\t\t\t\t\t\t\/>\n\t\t\t<div class=\"elementor-element elementor-element-d51e769 e-con-full e-flex e-con e-child\" data-id=\"d51e769\" data-element_type=\"container\" data-e-type=\"container\">\n\t\t\t\t<\/div>\n\t\t\t\t<\/div>\n\t\t<div class=\"elementor-element elementor-element-c22c56a e-con-full e-flex e-con e-child\" data-id=\"c22c56a\" data-element_type=\"container\" data-e-type=\"container\">\n\t\t\t\t\t\t\t\n\t\t<img class=\"e-image-base e-35c8b25-632f73c\" \n\t\t\t\t\tdata-interaction-id=\"35c8b25\" \n\t\t \n\t\t \n\t\t\t\t\t\t\t\t\tid=\"1217\"\n\t\t\t\t\t\t\t\t\t\t\t\tsrc=\"https:\/\/ubuconla.org\/2025\/wp-content\/uploads\/sites\/4\/2025\/08\/r_chavez-e1755133238736.jpeg\"\n\t\t\t\t\t\t\t\t\t\t\t\twidth=\"120\"\n\t\t\t\t\t\t\t\t\t\t\t\theight=\"120\"\n\t\t\t\t\t\t\t\t\t\t\t\tsrcset=\"\"\n\t\t\t\t\t\t\t\t\t\t\t\talt=\"\"\n\t\t\t\t\t\t\/>\n\t\t\t<div class=\"elementor-element elementor-element-26975af e-con-full e-flex e-con e-child\" data-id=\"26975af\" data-element_type=\"container\" data-e-type=\"container\">\n\t\t\t\t<\/div>\n\t\t\t\t<\/div>\n\t\t<div class=\"elementor-element elementor-element-11bb0d7 e-con-full e-flex e-con e-child\" data-id=\"11bb0d7\" data-element_type=\"container\" data-e-type=\"container\">\n\t\t\t\t\t\t\t\n\t\t<img class=\"e-image-base e-06cf645-08d4057\" \n\t\t\t\t\tdata-interaction-id=\"06cf645\" \n\t\t \n\t\t \n\t\t\t\t\t\t\t\t\tid=\"1402\"\n\t\t\t\t\t\t\t\t\t\t\t\tsrc=\"https:\/\/ubuconla.org\/2025\/wp-content\/uploads\/sites\/4\/2025\/08\/Foto-Juan-Pablo-Pluas-Club-Kokoa-e1756138683984.jpg\"\n\t\t\t\t\t\t\t\t\t\t\t\twidth=\"120\"\n\t\t\t\t\t\t\t\t\t\t\t\theight=\"120\"\n\t\t\t\t\t\t\t\t\t\t\t\tsrcset=\"\"\n\t\t\t\t\t\t\t\t\t\t\t\talt=\"\"\n\t\t\t\t\t\t\/>\n\t\t\t<div class=\"elementor-element elementor-element-2eb3824 e-con-full e-flex e-con e-child\" data-id=\"2eb3824\" data-element_type=\"container\" data-e-type=\"container\">\n\t\t\t\t<\/div>\n\t\t\t\t<\/div>\n\t\t<div class=\"elementor-element elementor-element-f4d9902 e-con-full e-flex e-con e-child\" data-id=\"f4d9902\" data-element_type=\"container\" data-e-type=\"container\">\n\t\t\t\t\t\t\t\n\t\t<img class=\"e-image-base e-0ce8777-f1eab40\" \n\t\t\t\t\tdata-interaction-id=\"0ce8777\" \n\t\t \n\t\t \n\t\t\t\t\t\t\t\t\tid=\"1306\"\n\t\t\t\t\t\t\t\t\t\t\t\tsrc=\"https:\/\/ubuconla.org\/2025\/wp-content\/uploads\/sites\/4\/2025\/08\/Michael-Estrada-e1755739794748.jpg\"\n\t\t\t\t\t\t\t\t\t\t\t\twidth=\"120\"\n\t\t\t\t\t\t\t\t\t\t\t\theight=\"120\"\n\t\t\t\t\t\t\t\t\t\t\t\tsrcset=\"\"\n\t\t\t\t\t\t\t\t\t\t\t\talt=\"\"\n\t\t\t\t\t\t\/>\n\t\t\t<div class=\"elementor-element elementor-element-0b04477 e-con-full e-flex e-con e-child\" data-id=\"0b04477\" data-element_type=\"container\" data-e-type=\"container\">\n\t\t\t\t<\/div>\n\t\t\t\t<\/div>\n\t\t<div class=\"elementor-element elementor-element-b8fe1ca e-con-full e-flex e-con e-child\" data-id=\"b8fe1ca\" data-element_type=\"container\" data-e-type=\"container\">\n\t\t\t\t<\/div>\n\t\t<div class=\"elementor-element elementor-element-6b47499 e-con-full e-flex e-con e-child\" data-id=\"6b47499\" data-element_type=\"container\" data-e-type=\"container\">\n\t\t\t\t\t\t\t\n\t\t<img class=\"e-image-base e-514170c-f35f873\" \n\t\t\t\t\tdata-interaction-id=\"514170c\" \n\t\t \n\t\t \n\t\t\t\t\t\t\t\t\tid=\"1533\"\n\t\t\t\t\t\t\t\t\t\t\t\tsrc=\"https:\/\/ubuconla.org\/2025\/wp-content\/uploads\/sites\/4\/2025\/09\/Martin_Toledo_DarkNode_voluntario-e1757094066148.jpeg\"\n\t\t\t\t\t\t\t\t\t\t\t\twidth=\"120\"\n\t\t\t\t\t\t\t\t\t\t\t\theight=\"120\"\n\t\t\t\t\t\t\t\t\t\t\t\tsrcset=\"\"\n\t\t\t\t\t\t\t\t\t\t\t\talt=\"\"\n\t\t\t\t\t\t\/>\n\t\t\t<div class=\"elementor-element elementor-element-92117d7 e-con-full e-flex e-con e-child\" data-id=\"92117d7\" data-element_type=\"container\" data-e-type=\"container\">\n\t\t\t\t<\/div>\n\t\t\t\t<\/div>\n\t\t<div class=\"elementor-element elementor-element-173b539 e-con-full e-flex e-con e-child\" data-id=\"173b539\" data-element_type=\"container\" data-e-type=\"container\">\n\t\t\t\t\t\t\t\n\t\t<img class=\"e-image-base e-0656a6f-2fc4a4e\" \n\t\t\t\t\tdata-interaction-id=\"0656a6f\" \n\t\t \n\t\t \n\t\t\t\t\t\t\t\t\tid=\"1098\"\n\t\t\t\t\t\t\t\t\t\t\t\tsrc=\"https:\/\/ubuconla.org\/2025\/wp-content\/uploads\/sites\/4\/2025\/08\/persona-e1754353912167.png\"\n\t\t\t\t\t\t\t\t\t\t\t\twidth=\"120\"\n\t\t\t\t\t\t\t\t\t\t\t\theight=\"120\"\n\t\t\t\t\t\t\t\t\t\t\t\tsrcset=\"\"\n\t\t\t\t\t\t\t\t\t\t\t\talt=\"\"\n\t\t\t\t\t\t\/>\n\t\t\t<div class=\"elementor-element elementor-element-1af5abb e-con-full e-flex e-con e-child\" data-id=\"1af5abb\" data-element_type=\"container\" data-e-type=\"container\">\n\t\t\t\t<\/div>\n\t\t\t\t<\/div>\n\t\t<div class=\"elementor-element elementor-element-3e20b55 e-con-full e-flex e-con e-child\" data-id=\"3e20b55\" data-element_type=\"container\" data-e-type=\"container\">\n\t\t\t\t\t\t\t\n\t\t<img class=\"e-image-base e-5b79f42-14dad13\" \n\t\t\t\t\tdata-interaction-id=\"5b79f42\" \n\t\t \n\t\t \n\t\t\t\t\t\t\t\t\tid=\"1488\"\n\t\t\t\t\t\t\t\t\t\t\t\tsrc=\"https:\/\/ubuconla.org\/2025\/wp-content\/uploads\/sites\/4\/2025\/09\/Dhalmar-e1757093699282.jpg\"\n\t\t\t\t\t\t\t\t\t\t\t\twidth=\"120\"\n\t\t\t\t\t\t\t\t\t\t\t\theight=\"120\"\n\t\t\t\t\t\t\t\t\t\t\t\tsrcset=\"\"\n\t\t\t\t\t\t\t\t\t\t\t\talt=\"\"\n\t\t\t\t\t\t\/>\n\t\t\t<div class=\"elementor-element elementor-element-6f34817 e-con-full e-flex e-con e-child\" data-id=\"6f34817\" data-element_type=\"container\" data-e-type=\"container\">\n\t\t\t\t<\/div>\n\t\t\t\t<\/div>\n\t\t<div class=\"elementor-element elementor-element-4542c76 e-con-full e-flex e-con e-child\" data-id=\"4542c76\" data-element_type=\"container\" data-e-type=\"container\">\n\t\t\t\t\t\t\t\n\t\t<img class=\"e-image-base e-946d4e7-31e6d51\" \n\t\t\t\t\tdata-interaction-id=\"946d4e7\" \n\t\t \n\t\t \n\t\t\t\t\t\t\t\t\tid=\"1528\"\n\t\t\t\t\t\t\t\t\t\t\t\tsrc=\"https:\/\/ubuconla.org\/2025\/wp-content\/uploads\/sites\/4\/2025\/09\/Nixon_Andres_Alvarado-e1757093575734.jpeg\"\n\t\t\t\t\t\t\t\t\t\t\t\twidth=\"120\"\n\t\t\t\t\t\t\t\t\t\t\t\theight=\"120\"\n\t\t\t\t\t\t\t\t\t\t\t\tsrcset=\"\"\n\t\t\t\t\t\t\t\t\t\t\t\talt=\"\"\n\t\t\t\t\t\t\/>\n\t\t\t<div class=\"elementor-element elementor-element-1e8a4ef e-con-full e-flex e-con e-child\" data-id=\"1e8a4ef\" data-element_type=\"container\" data-e-type=\"container\">\n\t\t\t\t<\/div>\n\t\t\t\t<\/div>\n\t\t<div class=\"elementor-element elementor-element-dd3b97d e-con-full e-flex e-con e-child\" data-id=\"dd3b97d\" data-element_type=\"container\" data-e-type=\"container\">\n\t\t\t\t\t\t\t\n\t\t<img class=\"e-image-base e-06ac7f8-5a36b4e\" \n\t\t\t\t\tdata-interaction-id=\"06ac7f8\" \n\t\t \n\t\t \n\t\t\t\t\t\t\t\t\tid=\"1486\"\n\t\t\t\t\t\t\t\t\t\t\t\tsrc=\"https:\/\/ubuconla.org\/2025\/wp-content\/uploads\/sites\/4\/2025\/09\/Angeles-e1757093785124.jpg\"\n\t\t\t\t\t\t\t\t\t\t\t\twidth=\"120\"\n\t\t\t\t\t\t\t\t\t\t\t\theight=\"120\"\n\t\t\t\t\t\t\t\t\t\t\t\tsrcset=\"\"\n\t\t\t\t\t\t\t\t\t\t\t\talt=\"\"\n\t\t\t\t\t\t\/>\n\t\t\t<div class=\"elementor-element elementor-element-124efbd e-con-full e-flex e-con e-child\" data-id=\"124efbd\" data-element_type=\"container\" data-e-type=\"container\">\n\t\t\t\t<\/div>\n\t\t\t\t<\/div>\n\t\t<div class=\"elementor-element elementor-element-1634882 e-con-full e-flex e-con e-child\" data-id=\"1634882\" data-element_type=\"container\" data-e-type=\"container\">\n\t\t\t\t\t\t\t\n\t\t<img class=\"e-image-base e-e7cbe4a-b6fe7f2\" \n\t\t\t\t\tdata-interaction-id=\"e7cbe4a\" \n\t\t \n\t\t \n\t\t\t\t\t\t\t\t\tid=\"1568\"\n\t\t\t\t\t\t\t\t\t\t\t\tsrc=\"https:\/\/ubuconla.org\/2025\/wp-content\/uploads\/sites\/4\/2025\/09\/JuanVintimilla_DarkNode_cue1-e1757687736275.jpg\"\n\t\t\t\t\t\t\t\t\t\t\t\twidth=\"120\"\n\t\t\t\t\t\t\t\t\t\t\t\theight=\"120\"\n\t\t\t\t\t\t\t\t\t\t\t\tsrcset=\"\"\n\t\t\t\t\t\t\t\t\t\t\t\talt=\"\"\n\t\t\t\t\t\t\/>\n\t\t\t<div class=\"elementor-element elementor-element-ea46e3e e-con-full e-flex e-con e-child\" data-id=\"ea46e3e\" data-element_type=\"container\" data-e-type=\"container\">\n\t\t\t\t<\/div>\n\t\t\t\t<\/div>\n\t\t<div class=\"elementor-element elementor-element-045da9a e-con-full e-flex e-con e-child\" data-id=\"045da9a\" data-element_type=\"container\" data-e-type=\"container\">\n\t\t\t\t\t\t\t\n\t\t<img class=\"e-image-base e-815c80f-37b2d72\" \n\t\t\t\t\tdata-interaction-id=\"815c80f\" \n\t\t \n\t\t \n\t\t\t\t\t\t\t\t\tid=\"1487\"\n\t\t\t\t\t\t\t\t\t\t\t\tsrc=\"https:\/\/ubuconla.org\/2025\/wp-content\/uploads\/sites\/4\/2025\/09\/Cielo-scaled-e1757093897537.jpg\"\n\t\t\t\t\t\t\t\t\t\t\t\twidth=\"120\"\n\t\t\t\t\t\t\t\t\t\t\t\theight=\"120\"\n\t\t\t\t\t\t\t\t\t\t\t\tsrcset=\"\"\n\t\t\t\t\t\t\t\t\t\t\t\talt=\"\"\n\t\t\t\t\t\t\/>\n\t\t\t<div class=\"elementor-element elementor-element-b32a705 e-con-full e-flex e-con e-child\" data-id=\"b32a705\" data-element_type=\"container\" data-e-type=\"container\">\n\t\t\t\t<\/div>\n\t\t\t\t<\/div>\n\t\t<div class=\"elementor-element elementor-element-acb9925 e-con-full e-flex e-con e-child\" data-id=\"acb9925\" data-element_type=\"container\" data-e-type=\"container\">\n\t\t\t\t\t\t\t\n\t\t<img class=\"e-image-base e-a6ed072-ab00456\" \n\t\t\t\t\tdata-interaction-id=\"a6ed072\" \n\t\t \n\t\t \n\t\t\t\t\t\t\t\t\tid=\"1611\"\n\t\t\t\t\t\t\t\t\t\t\t\tsrc=\"https:\/\/ubuconla.org\/2025\/wp-content\/uploads\/sites\/4\/2025\/09\/WhatsApp-Image-2025-09-17-at-20.03.49-e1758205885635.jpeg\"\n\t\t\t\t\t\t\t\t\t\t\t\twidth=\"120\"\n\t\t\t\t\t\t\t\t\t\t\t\theight=\"120\"\n\t\t\t\t\t\t\t\t\t\t\t\tsrcset=\"\"\n\t\t\t\t\t\t\t\t\t\t\t\talt=\"\"\n\t\t\t\t\t\t\/>\n\t\t\t<div class=\"elementor-element elementor-element-ce78ffe e-con-full e-flex e-con e-child\" data-id=\"ce78ffe\" data-element_type=\"container\" data-e-type=\"container\">\n\t\t\t\t<\/div>\n\t\t\t\t<\/div>\n\t\t<div class=\"elementor-element elementor-element-24bb91a e-con-full e-flex e-con e-child\" data-id=\"24bb91a\" data-element_type=\"container\" data-e-type=\"container\">\n\t\t\t\t\t\t\t\n\t\t<img class=\"e-image-base e-aeb5edb-d1603ad\" \n\t\t\t\t\tdata-interaction-id=\"aeb5edb\" \n\t\t \n\t\t \n\t\t\t\t\t\t\t\t\tid=\"1619\"\n\t\t\t\t\t\t\t\t\t\t\t\tsrc=\"https:\/\/ubuconla.org\/2025\/wp-content\/uploads\/sites\/4\/2025\/09\/WhatsApp-Image-2025-09-18-at-12.18.35-e1758211682601.jpeg\"\n\t\t\t\t\t\t\t\t\t\t\t\twidth=\"120\"\n\t\t\t\t\t\t\t\t\t\t\t\theight=\"120\"\n\t\t\t\t\t\t\t\t\t\t\t\tsrcset=\"\"\n\t\t\t\t\t\t\t\t\t\t\t\talt=\"\"\n\t\t\t\t\t\t\/>\n\t\t\t<div class=\"elementor-element elementor-element-af79a94 e-con-full e-flex e-con e-child\" data-id=\"af79a94\" data-element_type=\"container\" data-e-type=\"container\">\n\t\t\t\t<\/div>\n\t\t\t\t<\/div>\n\t\t<div class=\"elementor-element elementor-element-3a9118f e-con-full e-flex e-con e-child\" data-id=\"3a9118f\" data-element_type=\"container\" data-e-type=\"container\">\n\t\t\t\t\t\t\t\n\t\t<img class=\"e-image-base e-e7f0ee7-1fbe815\" \n\t\t\t\t\tdata-interaction-id=\"e7f0ee7\" \n\t\t \n\t\t \n\t\t\t\t\t\t\t\t\tid=\"1627\"\n\t\t\t\t\t\t\t\t\t\t\t\tsrc=\"https:\/\/ubuconla.org\/2025\/wp-content\/uploads\/sites\/4\/2025\/09\/WhatsApp-Image-2025-09-19-at-01.32.51-e1758285915487.jpeg\"\n\t\t\t\t\t\t\t\t\t\t\t\twidth=\"120\"\n\t\t\t\t\t\t\t\t\t\t\t\theight=\"120\"\n\t\t\t\t\t\t\t\t\t\t\t\tsrcset=\"\"\n\t\t\t\t\t\t\t\t\t\t\t\talt=\"\"\n\t\t\t\t\t\t\/>\n\t\t\t<div class=\"elementor-element elementor-element-2fd65a3 e-con-full e-flex e-con e-child\" data-id=\"2fd65a3\" data-element_type=\"container\" data-e-type=\"container\">\n\t\t\t\t<\/div>\n\t\t\t\t<\/div>\n\t\t<div class=\"elementor-element elementor-element-da063b3 e-con-full e-flex e-con e-child\" data-id=\"da063b3\" data-element_type=\"container\" data-e-type=\"container\">\n\t\t\t\t\t\t\t\n\t\t<img class=\"e-image-base e-7e23c5b-b23b66d\" \n\t\t\t\t\tdata-interaction-id=\"7e23c5b\" \n\t\t \n\t\t \n\t\t\t\t\t\t\t\t\tid=\"1631\"\n\t\t\t\t\t\t\t\t\t\t\t\tsrc=\"https:\/\/ubuconla.org\/2025\/wp-content\/uploads\/sites\/4\/2025\/09\/WhatsApp-Image-2025-09-19-at-14.50.43-e1758304818819.jpeg\"\n\t\t\t\t\t\t\t\t\t\t\t\twidth=\"120\"\n\t\t\t\t\t\t\t\t\t\t\t\theight=\"120\"\n\t\t\t\t\t\t\t\t\t\t\t\tsrcset=\"\"\n\t\t\t\t\t\t\t\t\t\t\t\talt=\"\"\n\t\t\t\t\t\t\/>\n\t\t\t<div class=\"elementor-element elementor-element-fc9a391 e-con-full e-flex e-con e-child\" data-id=\"fc9a391\" data-element_type=\"container\" data-e-type=\"container\">\n\t\t\t\t<\/div>\n\t\t\t\t<\/div>\n\t\t<div class=\"elementor-element elementor-element-484ef23 e-con-full e-flex e-con e-child\" data-id=\"484ef23\" data-element_type=\"container\" data-e-type=\"container\">\n\t\t\t\t\t\t\t\n\t\t<img class=\"e-image-base e-ffdbfa6-25f5b87\" \n\t\t\t\t\tdata-interaction-id=\"ffdbfa6\" \n\t\t \n\t\t \n\t\t\t\t\t\t\t\t\tid=\"1636\"\n\t\t\t\t\t\t\t\t\t\t\t\tsrc=\"https:\/\/ubuconla.org\/2025\/wp-content\/uploads\/sites\/4\/2025\/09\/WhatsApp-Image-2025-09-20-at-05.50.10-e1758552297397.jpeg\"\n\t\t\t\t\t\t\t\t\t\t\t\twidth=\"120\"\n\t\t\t\t\t\t\t\t\t\t\t\theight=\"120\"\n\t\t\t\t\t\t\t\t\t\t\t\tsrcset=\"\"\n\t\t\t\t\t\t\t\t\t\t\t\talt=\"\"\n\t\t\t\t\t\t\/>\n\t\t\t<div class=\"elementor-element elementor-element-9babd88 e-con-full e-flex e-con e-child\" data-id=\"9babd88\" data-element_type=\"container\" data-e-type=\"container\">\n\t\t\t\t<\/div>\n\t\t\t\t<\/div>\n\t\t\t\t\t<\/div>\n\t\t\t\t<\/div>\n\t\t\t\t<\/div>\n\t\t","protected":false},"excerpt":{"rendered":"<p>Comit\u00e9 Organizador UbuConLa es un evento de acceso libre y gratuito de conferencias y talleres, de la comunidad para la comunidad. Los miembros del equipo organizador donan su tiempo y esfuerzo en poder hacerlo realidad a\u00f1o a a\u00f1o. Para ello se organizan con un comit\u00e9 internacional que coordina y ayuda a nivel global, un comit\u00e9 [&hellip;]<\/p>\n","protected":false},"author":48,"featured_media":0,"parent":0,"menu_order":0,"comment_status":"closed","ping_status":"closed","template":"","meta":{"footnotes":""},"class_list":["post-1182","page","type-page","status-publish","hentry"],"_links":{"self":[{"href":"https:\/\/ubuconla.org\/2025\/wp-json\/wp\/v2\/pages\/1182","targetHints":{"allow":["GET"]}}],"collection":[{"href":"https:\/\/ubuconla.org\/2025\/wp-json\/wp\/v2\/pages"}],"about":[{"href":"https:\/\/ubuconla.org\/2025\/wp-json\/wp\/v2\/types\/page"}],"author":[{"embeddable":true,"href":"https:\/\/ubuconla.org\/2025\/wp-json\/wp\/v2\/users\/48"}],"replies":[{"embeddable":true,"href":"https:\/\/ubuconla.org\/2025\/wp-json\/wp\/v2\/comments?post=1182"}],"version-history":[{"count":68,"href":"https:\/\/ubuconla.org\/2025\/wp-json\/wp\/v2\/pages\/1182\/revisions"}],"predecessor-version":[{"id":1640,"href":"https:\/\/ubuconla.org\/2025\/wp-json\/wp\/v2\/pages\/1182\/revisions\/1640"}],"wp:attachment":[{"href":"https:\/\/ubuconla.org\/2025\/wp-json\/wp\/v2\/media?parent=1182"}],"curies":[{"name":"wp","href":"https:\/\/api.w.org\/{rel}","templated":true}]}}